8*y - 45. Calculate p(4).
3
Let n(y) = 5*y + 217. What is n(-42)?
7
Let z(d) = d**3 - 3*d**2 + 4*d + 3. What is z(3)?
15
Let p(m) = -m**3 + 28*m**2 + 92*m + 29. Calculate p(31).
-2
Let m(f) = -f + 14. What is m(0)?
14
Let w(m) = -6*m**2 + 97*m - 14. Calculate w(16).
2
Let c(p) = -p**2 + 32*p - 250. Calculate c(14).
2
Let h(x) = 32*x + 132. Give h(-4).
4
Let d(i) = 2*i - 21. What is d(10)?
-1
Let y(p) = p**3 + 10*p**2 - 14*p + 1. What is y(-11)?
34
Let o(t) = -t**3 - 4*t**2 - 5. Determine o(-4).
-5
Let k(u) = -u**3 - 15*u**2 + 18*u + 31. Give k(-16).
-1
Let y(l) = 4*l + 3. Give y(-1).
-1
Let d(s) = -42*s - 3. What is d(-3)?
123
Let b(l) = l**2 - 12*l - 6. Determine b(12).
-6
Let u(p) = -p**2 + 2*p + 15. Calculate u(-6).
-33
Let u(b) = -b**3 - 31*b**2 + b + 43. What is u(-31)?
12
Let j(a) = a**3 - 4*a**2 + 4*a + 1. Calculate j(3).
4
Let z(q) = q**3 + 6*q**2 + 6*q - 7. Give z(-5).
-12
Let v(c) = -c**3 - c**2 + 27*c - 71. Calculate v(3).
-26
Let g(x) = -x**2 - 5*x + 10. Determine g(-8).
-14
Let m(c) = -6*c - 54. Calculate m(-10).
6
Let f(o) = -o**2 + 17*o - 1. What is f(16)?
15
Let q(d) = -114*d**2. Give q(1).
-114
Let s(x) = x**2 + 5*x + 1. What is s(-2)?
-5
Let r(h) = h**3 - 8*h**2 - 5*h + 15. What is r(6)?
-87
Let d(m) = 47*m**2 + 3*m - 1. Calculate d(1).
49
Let n(i) = i**3 - 39*i**2 - 2*i + 98. Give n(39).
20
Let v(z) = -z**3 + 18*z**2 - 14*z - 32. Calculate v(17).
19
Let k(u) = -u**2 - 8*u - 5. Determine k(-8).
-5
Let n(x) = 19*x + 41. Give n(8).
193
Let o(g) = -43*g - 508. Determine o(-12).
8
Let x(z) = -z**3 - 24*z**2 - 26*z - 55. What is x(-23)?
14
Let m(p) = -p**2 + 19*p - 41. Calculate m(17).
-7
Let m(x) = x**3 + 4*x**2 - 5. Calculate m(-3).
4
Let o(q) = 35*q + 451. What is o(-13)?
-4
Let u(v) = -v**3 + 21*v**2 + 44*v + 8. Determine u(23).
-38
Let m(g) = -164*g - 7. Determine m(-1).
157
Let q(v) = -v**2 - 3*v + 5. What is q(-4)?
1
Let c(u) = -u**2 - 7*u + 27. Give c(-10).
-3
Let p(z) = 9*z - 2. Determine p(-3).
-29
Let c(y) = -14*y - 33. Determine c(-5).
37
Let m(a) = -4*a**2 + 118*a - 64. Determine m(29).
-6
Let x(h) = 4*h**3 - h**2 + 5*h + 4. Give x(-1).
-6
Let w(b) = -b**2 + b + 21. Calculate w(5).
1
Let t(f) = f + 41. Give t(11).
52
Let i(r) = r**2 - 6*r + 8. Determine i(7).
15
Let j(b) = 2*b**2 - 36*b + 33. Calculate j(17).
-1
Let b(s) = 2*s**3 - 3*s + 1. Calculate b(-2).
-9
Let n(h) = 4*h + 28. Calculate n(-9).
-8
Let g(z) = z**3 + 14*z**2 + 48*z + 8. What is g(-6)?
8
Let y(o) = 10*o + 1. What is y(1)?
11
Let h(g) = -8*g - 73. Determine h(-10).
7
Let z(f) = f**3 + 19*f**2 - f - 10. Calculate z(-19).
9
Let a(c) = -10*c - 7. Calculate a(-6).
53
Let b(r) = -12*r - 3. Give b(-4).
45
Let u(s) = s**3 + 4*s**2 - 19*s - 1. Give u(3).
5
Let l(k) = 4*k**2 + 2*k - 2. What is l(1)?
4
Let m(q) = q**3 + 11*q**2 + 22*q - 4. What is m(-8)?
12
Let g(n) = 64*n + 647. What is g(-10)?
7
Let b(u) = u**2 - 2*u - 5. Calculate b(4).
3
Let a(g) = -g**2 - 6*g + 2. Calculate a(-6).
2
Let s(w) = -2*w + 11. Give s(12).
-13
Let d(y) = y**3 + 21*y**2 + 36*y - 7. Determine d(-19).
31
Let c(n) = n + 2. What is c(-7)?
-5
Let q(i) = i - 9. Determine q(16).
7
Let x(b) = b**3 + 4*b**2 - 13*b - 4. Determine x(-6).
2
Let d(h) = -7*h**3 + 21*h**2 - h + 2. Calculate d(3).
-1
Let u(v) = 82*v**2. Give u(1).
82
Let q(j) = 4*j**2 + 1. Determine q(-2).
17
Let d(n) = -n**2 + 9*n - 29. Determine d(6).
-11
Let z(o) = o**3 + 5*o**2 + 2*o - 1. What is z(-5)?
-11
Let c(d) = -d**2 + 10*d - 19. Determine c(9).
-10
Let t(x) = -106*x + 100. Give t(1).
-6
Let r(b) = 2*b**3 - 32*b**2 - 41*b + 116. Determine r(17).
-3
Let a(g) = 7*g + 35. Calculate a(9).
98
Let t(i) = i - 5. What is t(-5)?
-10
Let n(v) = v + 98. Determine n(-12).
86
Let h(w) = -w**3 + 16*w**2 - 15*w - 1. Give h(15).
-1
Let w(q) = 9*q + 66. Determine w(-7).
3
Let j(o) = -o**2 - o - 48. Give j(0).
-48
Let c(o) = -12*o + 1. What is c(-3)?
37
Let k(l) = -l**3 + 11*l**2 - 12*l - 1. Determine k(9).
53
Let x(t) = -t**2 - 9*t - 12. Calculate x(-12).
-48
Let z(s) = s**3 + 11*s**2 - s - 15. What is z(-11)?
-4
Let z(g) = -3*g - 3. What is z(-6)?
15
Let k(c) = c - 11. Give k(12).
1
Let c(z) = z**3 + 7*z**2 - 9*z - 20. Give c(-8).
-12
Let n(u) = -22*u + 89. Give n(4).
1
Let t(v) = v**2 + 25*v - 66. Determine t(-29).
50
Let q(s) = s**3 + 9*s**2 - 2*s - 1. Give q(-9).
17
Let s(b) = 3*b - 52. What is s(16)?
-4
Let q(s) = s**3 - 14*s**2 + 15*s - 16. Determine q(13).
10
Let k(b) = -22*b - 15. Determine k(-2).
29
Let y(j) = j**3 - 3*j**2 - 9*j + 3. Determine y(5).
8
Let r(t) = -92*t - 536. Give r(-6).
16
Let s(n) = 77*n + 79. Determine s(-1).
2
Let b(l) = 16*l + 4. What is b(2)?
36
Let h(j) = -j**2 - 8*j - 6. Give h(-6).
6
Let d(s) = 2*s + 27. What is d(-21)?
-15
Let c(a) = 5*a - 59. What is c(9)?
-14
Let k(s) = -4*s**2 - 28*s - 38. Give k(-5).
2
Let h(o) = -2*o**3 - 16*o**2 - 2. What is h(-8)?
-2
Let d(f) = -12*f - 54. What is d(-5)?
6
Let f(i) = -27*i**2 - i + 3. Determine f(1).
-25
Let i(g) = -g**2 + 16*g - 28. What is i(13)?
11
Let i(f) = -f - 1. Determine i(5).
-6
Let y(r) = 8*r**2 + 1. Determine y(1).
9
Let h(c) = -2*c - 13. Calculate h(9).
-31
Let t(k) = -k**2 - 5*k + 9. Determine t(-8).
-15
Let a(d) = d**2 - 8*d - 20. Determine a(9).
-11
Let q(a) = -4*a + 1. Give q(-3).
13
Let x(h) = -2*h**2 - 2*h - 1. Give x(4).
-41
Let x(w) = w**3 - 6*w**2 + 5*w + 1. Calculate x(4).
-11
Let v(l) = -7*l - 95. Calculate v(-15).
10
Let b(m) = -2*m**2 + 2*m + 12. Give b(3).
0
Let y(n) = -n**3 + 2*n**2 + 29*n + 13. Give y(-4).
-7
Let p(w) = -3*w - 32. Calculate p(-8).
-8
Let u(s) = -s - 23. Give u(-10).
-13
Let g(d) = -4*d - 13. Determine g(-4).
3
Let h(p) = p**3 - 10*p**2 - 15*p + 13. What is h(11)?
-31
Let o(f) = 2*f - 12. Calculate o(-5).
-22
Let q(o) = 2*o**2 + 5*o. What is q(-4)?
12
Let c(v) = 3*v + 81. What is c(-26)?
3
Let b(g) = 34*g**2. Give b(-1).
34
Let o(l) = -2*l**2 + 29*l - 9. Determine o(14).
5
Let g(y) = -y**3 - 5*y**2 + 3*y - 26. Give g(-6).
-8
Let n(t) = -t**3 - 23*t**2 - t - 23. Give n(-23).
0
Let n(w) = 3*w**3 - 4*w**2 + 3*w. Give n(2).
14
Let o(g) = 2*g**3 + 43*g**2 - 23*g - 16. Determine o(-22).
6
Let g(s) = -s**3 + 4*s**2 - 14. Calculate g(4).
-14
Let q(c) = -c**3 + 5*c**2 + c - 2. Give q(5).
3
Let c(f) = -2*f**2 + 2*f + 28. Determine c(-4).
-12
Let u(o) = 10*o + 11. What is u(-1)?
1
Let o(l) = -l**3 - 7*l**2 - 6*l - 3. Calculate o(-6).
-3
Let y(r) = 7*r**3 - 2*r**2 + 21*r - 20. Calculate y(1).
6
Let n(h) = h**2 - 3*h. Determine n(7).
28
Let v(r) = r**3 + r**2 - r + 9. Give v(0).
9
Let s(x) = -x. Determine s(6).
-6
Let d(p) = -98*p + 2. What is d(1)?
-96
Let c(q) = q**2 + 4*q - 2. Give c(-6).
10
Let m(w) = w**3 + 7*w**2 + 6*w + 5. What is m(-5)?
25
Let a(c) = -4*c - 38. What is a(-15)?
22
Let g(s) = s**3 - s**2 - 6*s + 11. Give g(3).
11
Let l(b) = 3*b + 61. What is l(-6)?
43
Let i(h) = -h**2 - 8*h - 11. Give i(-7).
-4
Let i(m) = -m**3 + 6*m**2 + 22*m - 114. Determine i(7).
-9
Let t(p) = p**2 - 4*p - 6. What is t(5)?
-1
Let f(n) = -5*n + 4. Give f(4).
-16
Let s(k) = k**3 - 44*k**2 + 83*k + 66. What is s(42)?
24
Let s(n) = n**3 - 23*n**2 - 49*n - 30. Determine s(25).
-5
Let w(x) = -3*x**2 + 25*x - 54. Determine w(5).
-4
Let r(k) = 19*k. Calculate r(-2).
-38
Let s(v) = 7*v - 9. What is s(1)?
-2
Let a(j) = -j + 12. Calculate a(6).
6
Let w(i) = -i**3 - 26*i**2 + 28*i + 28. Calculate w(-27).
1
Let v(u) = -u**2 + 8*u + 2. Calculate v(8).
2
Let a(n) = -n**2 - 2*n + 4. Give a(-7).
-31
Let l(r) = 3*r**2 - 12*r - 90. Determine l(-4).
6
Let j(x) = -x**3 - 3*x + 7. What is j(3)?
-29
Let w(b) = -b**3 - 10*b**2 + 7*b - 46. Give w(-11).
-2
Let k(t) = 13*t. What is k(-3)?
-39
Let o(j) = -j**3 + 15*j**2 + 15*j + 23. Give o(16).
7
Let u(a) = a**2 - 9*a + 1. What is u(8)?
-7
Let v(s) = -s**2 - 3*s + 3. Determine v(-3).
3
Let l(g) = 49*g - 109. Determine l(3).
38
Let z(a) = -a**3 + 12*a**2 - 23*a + 6. Determine z(2).
0
Let i(l) = l**2 - 9*l - 8. Give i(11).
14
Let t(h) = h**2 + 11*h - 7. Calculate t(6).
95
Let t(d) = -d**3 - 6*d**2 - 4*d + 10. Give t(-5).
5
Let g(h) = 2*h**2 + 17*h + 36. Calculate g(-6).
6
Let w(y) = -3*y**3 - 6*y**2 + 2*y - 6. Calculate w(0).
-6
Let c(b) = -b**2 - 35*b - 71. Determine c(-34).
-37
Let u(r) = r**2 - 29*r + 29. Give u(28).
1
Let v(o) = -o**3 - 23*o**2 + 29*o - 7. What is v(-24)?
-127
Let c(j) = j**2 - 4*j + 5. Calc